e highest common factor of 80 and 30?
10
What is the highest common divisor of 1763 and 82?
41
Calculate the greatest common divisor of 224 and 28.
28
Calculate the highest common divisor of 616 and 88.
88
Calculate the greatest common factor of 14 and 262.
2
What is the greatest common divisor of 61 and 2501?
61
Calculate the greatest common factor of 26 and 325.
13
What is the highest common factor of 1809 and 134?
67
What is the highest common factor of 38 and 133?
19
Calculate the greatest common divisor of 468 and 104.
52
Calculate the highest common factor of 2829 and 69.
69
What is the highest common factor of 68 and 272?
68
What is the greatest common factor of 51 and 408?
51
What is the greatest common divisor of 40 and 1780?
20
Calculate the highest common factor of 17411 and 23.
23
Calculate the highest common divisor of 165 and 132.
33
What is the highest common factor of 924 and 252?
84
What is the highest common factor of 45 and 1035?
45
Calculate the greatest common divisor of 517 and 141.
47
Calculate the highest common factor of 40 and 1310.
10
Calculate the highest common factor of 6 and 6807.
3
What is the greatest common divisor of 45 and 51?
3
What is the greatest common factor of 12 and 1616?
4
Calculate the greatest common factor of 16 and 1776.
16
Calculate the highest common divisor of 9 and 136.
1
Calculate the highest common divisor of 48 and 248.
8
What is the greatest common factor of 9288 and 54?
54
Calculate the greatest common factor of 88 and 2096.
8
Calculate the highest common factor of 24 and 8.
8
What is the greatest common divisor of 871 and 13?
13
What is the highest common divisor of 40 and 8?
8
What is the highest common divisor of 588 and 224?
28
What is the highest common factor of 15730 and 130?
130
Calculate the greatest common divisor of 11508 and 840.
84
What is the greatest common factor of 50 and 3890?
10
What is the greatest common divisor of 62 and 6?
2
What is the highest common factor of 513 and 459?
27
Calculate the greatest common factor of 658 and 238.
14
Calculate the highest common factor of 1075 and 75.
25
Calculate the highest common divisor of 7 and 49.
7
Calculate the highest common divisor of 297 and 9999.
99
Calculate the highest common factor of 161 and 28.
7
What is the highest common divisor of 45 and 666?
9
Calculate the greatest common factor of 10 and 1370.
10
Calculate the greatest common divisor of 4061 and 1441.
131
Calculate the greatest common factor of 136 and 16.
8
What is the highest common divisor of 24 and 66?
6
Calculate the greatest common factor of 2030 and 58.
58
What is the highest common factor of 3096 and 12?
12
What is the highest common divisor of 1825 and 73?
73
Calculate the highest common divisor of 48 and 48.
48
What is the highest common divisor of 371 and 159?
53
Calculate the greatest common divisor of 425 and 25.
25
Calculate the greatest common factor of 1644 and 36.
12
What is the highest common divisor of 291 and 64893?
291
Calculate the greatest common factor of 7 and 3661.
7
Calculate the highest common divisor of 28847 and 7.
7
What is the greatest common divisor of 18 and 502?
2
Calculate the greatest common divisor of 2088 and 435.
87
What is the highest common divisor of 23211 and 9?
9
What is the greatest common divisor of 13410 and 36?
18
Calculate the highest common divisor of 162 and 48.
6
What is the greatest common divisor of 630 and 9?
9
What is the highest common factor of 9 and 1143?
9
Calculate the highest common factor of 35 and 7.
7
Calculate the highest common factor of 7 and 140.
7
Calculate the highest common divisor of 40 and 190.
10
What is the highest common factor of 310 and 470?
10
What is the greatest common factor of 595 and 105?
35
What is the greatest common factor of 93 and 1457?
31
What is the greatest common divisor of 1 and 9?
1
Calculate the greatest common factor of 82244 and 116.
116
What is the greatest common factor of 28 and 388?
4
Calculate the greatest common divisor of 7 and 1.
1
What is the highest common divisor of 18 and 4302?
18
What is the highest common divisor of 108 and 1584?
36
Calculate the greatest common divisor of 854 and 126.
14
What is the greatest common divisor of 80 and 1280?
80
Calculate the greatest common factor of 1360 and 3910.
170
What is the highest common factor of 21 and 259?
7
What is the greatest common factor of 36 and 156?
12
What is the greatest common divisor of 189 and 28?
7
What is the highest common factor of 5 and 13105?
5
What is the greatest common divisor of 70 and 315?
35
Calculate the highest common factor of 18 and 1614.
6
What is the greatest common divisor of 42 and 14?
14
What is the greatest common divisor of 538 and 27169?
269
Calculate the highest common divisor of 210 and 375.
15
What is the highest common divisor of 2 and 2304?
2
Calculate the highest common divisor of 3053 and 86.
43
What is the highest common divisor of 96 and 2868?
12
What is the greatest common factor of 84 and 3108?
84
What is the highest common factor of 175 and 1?
1
What is the highest common factor of 8 and 1592?
8
Calculate the greatest common divisor of 3 and 57.
3
What is the greatest common factor of 60 and 70?
10
Calculate the greatest common divisor of 370 and 222.
74
Calculate the greatest common factor of 123 and 8733.
123
Calculate the greatest common divisor of 54 and 513.
27
What is the highest common divisor of 350 and 475?
25
Calculate the highest common divisor of 536 and 12998.
134
What is the greatest common factor of 10 and 605?
5
Calculate the greatest common divisor of 207 and 115.
23
What is the highest common divisor of 595 and 245?
35
What is the highest common factor of 14 and 63266?
14
What is the highest common divisor of 2839 and 17?
17
Calculate the highest common factor of 399 and 38.
19
Calculate the highest common factor of 351 and 243.
27
What is the greatest common divisor of 890 and 20?
10
What is the highest common factor of 20 and 25?
5
What is the highest common divisor of 16 and 2096?
16
Calculate the highest common divisor of 282 and 6.
6
What is the greatest common factor of 2623 and 61?
61
Calculate the highest common divisor of 25 and 2175.
25
What is the highest common divisor of 54 and 6?
6
What is the highest common factor of 10 and 130?
10
What is the greatest common factor of 1300 and 200?
100
What is the greatest common divisor of 3486 and 15936?
498
Calculate the greatest common divisor of 35 and 28.
7
Calculate the greatest common divisor of 17 and 28169.
17
What is the highest common divisor of 1084 and 20?
4
Calculate the highest common divisor of 162 and 42.
6
What is the highest common factor of 4 and 2?
2
Calculate the greatest common factor of 316 and 2765.
79
Calculate the greatest common factor of 12 and 516.
12
Calculate the greatest common divisor of 896 and 252.
28
What is the highest common factor of 351 and 2925?
117
Calculate the greatest common factor of 30 and 190.
10
Calculate the greatest common divisor of 15 and 19170.
15
What is the highest common factor of 2 and 77?
1
What is the greatest common divisor of 10 and 125?
5
Calculate the highest common divisor of 34 and 3791.
17
What is the greatest common divisor of 34468 and 42?
14
What is the greatest common divisor of 45 and 36?
9
Calculate the highest common divisor of 340 and 68.
68
Calculate the greatest common divisor of 108 and 486.
54
Calculate the greatest common factor of 19 and 1.
1
Calculate the highest common divisor of 55 and 2585.
55
What is the highest common factor of 819 and 693?
63
Calculate the highest common divisor of 114 and 39786.
114
What is the highest common divisor of 15 and 335?
5
What is the highest common divisor of 11477 and 23?
23
What is the greatest common divisor of 1391 and 26?
13
What is the highest common divisor of 144 and 9?
9
Calculate the highest common divisor of 45 and 1860.
15
What is the highest common factor of 30 and 32070?
30
What is the highest common factor of 209 and 684?
19
Calculate the highest common divisor of 280 and 56.
56
Calculate the highest common divisor of 3925 and 150.
25
Calculate the highest common factor of 138 and 253.
23
Calculate the highest common divisor of 112 and 28.
28
What is the 